vided by 30?
6
What is the remainder when 1437 is divided by 90?
87
Calculate the remainder when 750 is divided by 402.
348
Calculate the remainder when 90 is divided by 74.
16
Calculate the remainder when 1058 is divided by 20.
18
What is the remainder when 1124 is divided by 366?
26
Calculate the remainder when 395 is divided by 86.
51
Calculate the remainder when 48 is divided by 25.
23
What is the remainder when 2534 is divided by 100?
34
What is the remainder when 42 is divided by 32?
10
What is the remainder when 4115 is divided by 8?
3
What is the remainder when 271 is divided by 86?
13
What is the remainder when 13371 is divided by 3340?
11
Calculate the remainder when 257 is divided by 76.
29
Calculate the remainder when 73 is divided by 13.
8
What is the remainder when 61 is divided by 8?
5
Calculate the remainder when 114 is divided by 50.
14
What is the remainder when 981 is divided by 128?
85
Calculate the remainder when 6163 is divided by 442.
417
What is the remainder when 39 is divided by 13?
0
What is the remainder when 918 is divided by 442?
34
Calculate the remainder when 58 is divided by 24.
10
Calculate the remainder when 67 is divided by 16.
3
Calculate the remainder when 343 is divided by 23.
21
Calculate the remainder when 607 is divided by 270.
67
What is the remainder when 170 is divided by 12?
2
Calculate the remainder when 343 is divided by 88.
79
What is the remainder when 2911 is divided by 32?
31
Calculate the remainder when 232 is divided by 59.
55
What is the remainder when 123 is divided by 31?
30
What is the remainder when 791 is divided by 172?
103
What is the remainder when 153 is divided by 31?
29
Calculate the remainder when 531 is divided by 49.
41
What is the remainder when 1237 is divided by 73?
69
Calculate the remainder when 290 is divided by 37.
31
What is the remainder when 2248 is divided by 41?
34
What is the remainder when 15 is divided by 4?
3
What is the remainder when 4449 is divided by 103?
20
What is the remainder when 55 is divided by 10?
5
Calculate the remainder when 650 is divided by 104.
26
Calculate the remainder when 176 is divided by 162.
14
Calculate the remainder when 216 is divided by 71.
3
Calculate the remainder when 351 is divided by 105.
36
What is the remainder when 893 is divided by 112?
109
Calculate the remainder when 315 is divided by 12.
3
Calculate the remainder when 9 is divided by 4.
1
What is the remainder when 11516 is divided by 60?
56
What is the remainder when 284 is divided by 65?
24
What is the remainder when 49 is divided by 26?
23
Calculate the remainder when 6928 is divided by 90.
88
Calculate the remainder when 216 is divided by 66.
18
Calculate the remainder when 1661 is divided by 14.
9
Calculate the remainder when 7556 is divided by 252.
248
Calculate the remainder when 242 is divided by 35.
32
Calculate the remainder when 34 is divided by 9.
7
What is the remainder when 262 is divided by 24?
22
What is the remainder when 606 is divided by 194?
24
What is the remainder when 507 is divided by 34?
31
Calculate the remainder when 220 is divided by 16.
12
Calculate the remainder when 4980 is divided by 830.
0
Calculate the remainder when 34 is divided by 12.
10
Calculate the remainder when 127 is divided by 47.
33
What is the remainder when 156 is divided by 56?
44
What is the remainder when 952 is divided by 48?
40
Calculate the remainder when 985 is divided by 19.
16
What is the remainder when 43582 is divided by 62?
58
Calculate the remainder when 5714 is divided by 6.
2
What is the remainder when 10725 is divided by 12?
9
What is the remainder when 1399 is divided by 23?
19
Calculate the remainder when 292 is divided by 79.
55
Calculate the remainder when 6463 is divided by 32.
31
What is the remainder when 138 is divided by 14?
12
Calculate the remainder when 334 is divided by 48.
46
What is the remainder when 47 is divided by 16?
15
What is the remainder when 765 is divided by 356?
53
What is the remainder when 68 is divided by 51?
17
Calculate the remainder when 175 is divided by 110.
65
Calculate the remainder when 39 is divided by 5.
4
Calculate the remainder when 1100 is divided by 325.
125
Calculate the remainder when 418 is divided by 83.
3
Calculate the remainder when 2446 is divided by 17.
15
What is the remainder when 246 is divided by 13?
12
What is the remainder when 1031 is divided by 94?
91
Calculate the remainder when 1113 is divided by 186.
183
What is the remainder when 100 is divided by 17?
15
What is the remainder when 714 is divided by 65?
64
Calculate the remainder when 1087 is divided by 32.
31
What is the remainder when 24811 is divided by 19?
16
What is the remainder when 51 is divided by 11?
7
What is the remainder when 5337 is divided by 6?
3
Calculate the remainder when 1256 is divided by 21.
17
What is the remainder when 813 is divided by 268?
9
Calculate the remainder when 307 is divided by 103.
101
What is the remainder when 87 is divided by 12?
3
What is the remainder when 5073 is divided by 7?
5
Calculate the remainder when 141 is divided by 13.
11
What is the remainder when 102 is divided by 53?
49
Calculate the remainder when 416 is divided by 35.
31
Calculate the remainder when 53 is divided by 16.
5
What is the remainder when 613 is divided by 222?
169
What is the remainder when 62 is divided by 33?
29
Calculate the remainder when 627 is divided by 94.
63
What is the remainder when 1263 is divided by 11?
9
Calculate the remainder when 360 is divided by 119.
3
Calculate the remainder when 24 is divided by 12.
0
Calculate the remainder when 31 is divided by 20.
11
Calculate the remainder when 157 is divided by 63.
31
Calculate the remainder when 482 is divided by 118.
10
Calculate the remainder when 716 is divided by 60.
56
Calculate the remainder when 344 is divided by 191.
153
Calculate the remainder when 1126 is divided by 24.
22
What is the remainder when 264 is divided by 55?
44
Calculate the remainder when 506 is divided by 102.
98
What is the remainder when 1372 is divided by 53?
47
What is the remainder when 391 is divided by 100?
91
What is the remainder when 109 is divided by 53?
3
Calculate the remainder when 671 is divided by 85.
76
Calculate the remainder when 331 is divided by 34.
25
Calculate the remainder when 61 is divided by 17.
10
Calculate the remainder when 349 is divided by 9.
7
Calculate the remainder when 1744 is divided by 145.
4
Calculate the remainder when 273 is divided by 43.
15
Calculate the remainder when 1993 is divided by 992.
9
What is the remainder when 645 is divided by 32?
5
What is the remainder when 38 is divided by 7?
3
What is the remainder when 1492 is divided by 11?
7
What is the remainder when 10511 is divided by 36?
35
What is the remainder when 388 is divided by 15?
13
What is the remainder when 942 is divided by 8?
6
What is the remainder when 1677 is divided by 94?
79
Calculate the remainder when 1965 is divided by 283.
267
Calculate the remainder when 584 is divided by 71.
16
Calculate the remainder when 212 is divided by 24.
20
Calculate the remainder when 1158 is divided by 29.
27
Calculate the remainder when 961 is divided by 43.
15
Calculate the remainder when 144 is divided by 50.
44
What is the remainder when 61 is divided by 32?
29
Calculate the remainder when 387 is divided by 82.
59
Calculate the remainder when 577 is divided by 14.
3
Calculate the remainder when 1102 is divided by 2.
0
What is the remainder when 128 is divided by 7?
2
What is the remainder when 41 is divided by 26?
15
Calculate the remainder when 614 is divided by 41.
40
Calculate the remainder when 3031 is divided by 92.
87
Calculate the remainder when 248 is divided by 74.
26
What is the remainder when 255 is divided by 24?
15
What is the remainder when 3879 is divided by 58?
51
Calculate the remainder when 30 is divided by 16.
14
Calculate the remainder when 311 is divided by 43.
10
Calculate the remainder when 101 is divided by 15.
11
Calculate the remainder when 1948 is divided by 78.
76
What is the remainder when 4297 is divided by 110?
7
What is the remainder when 249 is divided by 63?
60
Calculate the remainder when 151 is divided by 13.
8
What is the remainder when 219 is divided 